504
Convert -45181 (base 9) to base 6.
-351031
What is 101745 (base 9) in base 3?
10001211112
Convert -14214 (base 13) to base 10.
-37704
What is -101101101111010 (base 2) in base 15?
-6e13
What is a2d (base 16) in base 2?
101000101101
What is 340 (base 10) in base 14?
1a4
What is 372 (base 12) in base 8?
1006
What is -15413 (base 6) in base 14?
-cc9
-2670 (base 14) to base 10
-6762
What is b7e (base 16) in base 2?
101101111110
Convert 10000101 (base 2) to base 9.
157
What is 3205 (base 11) in base 8?
10220
What is 662 (base 10) in base 9?
815
What is 23110 (base 5) in base 12?
b5b
Convert 21102 (base 3) to base 11.
172
Convert 1011101011011 (base 2) to base 16.
175b
What is -4aa (base 11) in base 9?
-741
Convert -1204011 (base 5) to base 6.
-251341
What is -5804 (base 9) in base 5?
-114142
What is -8233 (base 12) in base 4?
-3131013
-101044 (base 6) to base 13
-385c
Convert -535 (base 7) to base 8.
-417
-1022011 (base 3) to base 8
-1665
-150 (base 10) to base 5
-1100
-5108 (base 9) to base 11
-2895
Convert 1000202001 (base 3) to base 14.
7528
Convert 12 (base 11) to base 16.
d
d42b (base 14) to base 15
ac30
Convert 130e (base 15) to base 9.
5515
Convert 853d (base 15) to base 12.
14387
What is -a5 (base 11) in base 16?
-73
-33a (base 13) to base 10
-556
Convert 136003 (base 8) to base 4.
23300003
What is -130323 (base 4) in base 2?
-11100111011
What is 21023 (base 8) in base 16?
2213
1111101000 (base 2) to base 7
2626
Convert 56176 (base 8) to base 16.
5c7e
What is -4033 (base 8) in base 7?
-6023
What is -2 (base 13) in base 15?
-2
Convert -3807 (base 9) to base 2.
-101100011010
What is 3552 (base 6) in base 11?
712
Convert 9163 (base 16) to base 4.
21011203
What is 57a6 (base 16) in base 3?
1010210001
185 (base 12) to base 4
3311
Convert 323430 (base 7) to base 3.
2212110110
-5115 (base 11) to base 9
-10276
What is 13212 (base 4) in base 10?
486
Convert -31021 (base 4) to base 8.
-1511
50 (base 7) to base 13
29
What is -27a3 (base 13) in base 4?
-1121032
What is 97 (base 11) in base 3?
10221
Convert 5a4 (base 11) to base 3.
222122
Convert 20220222 (base 3) to base 6.
35212
31013 (base 5) to base 6
13144
72a (base 13) to base 7
3361
What is -c2a (base 15) in base 14?
-dda
What is -7112 (base 12) in base 2?
-10111111011110
-210200 (base 4) to base 15
-a5b
Convert 2377 (base 12) to base 7.
14413
-12102201 (base 3) to base 8
-7571
Convert 1699 (base 11) to base 5.
32130
-bf7 (base 16) to base 7
-11634
What is 101100011 (base 2) in base 10?
355
What is 10020121101 (base 3) in base 7?
354124
6874 (base 13) to base 10
14629
-482 (base 11) to base 14
-2d0
23a (base 11) to base 10
285
43831 (base 9) to base 15
8957
Convert 332303 (base 4) to base 11.
3024
-139 (base 16) to base 9
-377
-836 (base 11) to base 12
-6bb
-111110110100100 (base 2) to base 10
-32164
Convert 1075 (base 15) to base 12.
2025
Convert -944 (base 14) to base 2.
-11100100000
What is 1343002 (base 5) in base 13?
c8c5
-2b7 (base 13) to base 16
-1e8
-111022 (base 4) to base 14
-6ca
What is 24841 (base 10) in base 5?
1243331
Convert 28955 (base 10) to base 7.
150263
Convert 153532 (base 7) to base 4.
13112131
Convert -2104 (base 8) to base 4.
-101010
What is -2022201 (base 3) in base 15?
-77d
What is 10323203 (base 4) in base 15?
5eb5
What is -1056 (base 9) in base 15?
-370
Convert -23c9 (base 16) to base 7.
-35465
-225 (base 8) to base 9
-175
What is 164 (base 12) in base 14?
11a
Convert -d56 (base 15) to base 3.
-11010100
Convert 26633 (base 7) to base 9.
10755
-466 (base 7) to base 12
-184
What is -35c (base 14) in base 4?
-22132
What is 110010001 (base 2) in base 11?
335
What is -20344 (base 5) in base 12?
-945
What is 166 (base 11) in base 15?
cd
Convert -52 (base 12) to base 8.
-76
What is -10110002 (base 3) in base 10?
-2513
-15b7 (base 14) to base 16
-f2d
Convert -334 (base 5) to base 3.
-10111
Convert 2572 (base 10) to base 4.
220030
Convert -7077 (base 10) to base 15.
-216c
Convert 62306 (base 7) to base 5.
441440
517a (base 16) to base 8
50572
Convert -9ed3 (base 15) to base 10.
-33723
-233103 (base 4) to base 3
-11011010
-4221 (base 11) to base 8
-12725
1100000000111 (base 2) to base 7
23635
What is -89 (base 16) in base 9?
-162
Convert 1556b (base 14) to base 7.
311064
What is -d7a (base 14) in base 15?
-bc1
What is 21113 (base 4) in base 11?
4a5
-113243 (base 5) to base 15
-139d
Convert -23130 (base 4) to base 13.
-444
Convert 43c (base 16) to base 13.
655
21201 (base 6) to base 9
3851
-10442 (base 6) to base 14
-76a
-10a4 (base 16) to base 8
-10244
What is 1553 (base 6) in base 14?
229
Convert 935 (base 16) to base 6.
14525
Convert -44201 (base 5) to base 14.
-117d
Convert -44667 (base 9) to base 10.
-29707
What is c05 (base 15) in base 9?
3635
-11150 (base 6) to base 4
-120222
What is -20124 (base 5) in base 10?
-1289
Convert 8b (base 13) to base 16.
73
5d1 (base 16) to base 6
10521
Convert 153 (base 14) to base 8.
415
What is -12256 (base 7) in base 12?
-1a4a
Convert -42 (base 8) to base 2.
-100010
-1153 (base 9) to base 14
-454
What is -445 (base 14) in base 10?
-845
What is -1172 (base 14) in base 16?
-be0
53325 (base 6) to base 4
1301111
36b (base 12) to base 9
632
62 (base 11) to base 2
1000100
Convert -745 (base 9) to base 15.
-2a8
What is 11010110110 (base 2) in base 5?
23333
Convert -1b08 (base 14) to base 12.
-2a10
4223 (base 10) to base 5
113343
-30253 (base 6) to base 9
-5426
What is -44720 (base 8) in base 16?
-49d0
360 (base 11) to base 16
1ad
What is -122232 (base 4) in base 15?
-790
-314335 (base 6) to base 12
-129ab
What is -52564 (base 7) in base 3?
-122210211
Convert 290 (base 12) to base 3.
112200
Convert 276 (base 12) to base 4.
11322
11111 (base 2) to base 4
133
What is 3463 (base 16) in base 3?
200101201
Convert -1439 (base 10) to base 15.
-65e
-bb (base 12) to base 11
-120
630 (base 7) to base 9
380
Convert 4c2 (base 15) to base 16.
43a
-53b4 (base 14) to base 3
-201211210
Convert -a51 (base 15) to base 14.
-bc2
53442 (base 6) to base 16
1c82
What is a0 (base 13) in base 16?
82
What is 4b31 (base 12) in base 2?
10000101010101
Convert -2014 (base 6) to base 13.
-280
Convert -2200012 (base 4) to base 9.
-15044
Convert -314213 (base 5) to base 2.
-10100100111110
Convert 10010000011 (base 2) to base 10.
1155
a81 (base 11) to base 5
20144
-fec (base 16) to base 5
-112301
Convert 233 (base 9) to base 14.
da
What is 4103 (base 6) in base 13?
546
What is -50220 (base 9) in base 14?
-c041
Convert 1442 (base 9) to base 12.
76b
What is 210000 (base 3) in base 4?
20313
16044 (base 9) to base 15
33ba
What is -4144 (base 5) in base 10?
-549
Convert 193 (base 13) to base 14.
169
10201 (base 5) to base 16
2a4
Convert -131 (base 9) to base 2.
-1101101
-525 (base 8) to base 3
-110122
What is -11423 (base 5) in base 14?
-459
What is 22011 (base 3) in base 9?
264
Convert 2400 (base 7) to base 9.
1180
What is -8b6 (base 14) in base 7?
-5016
What is -312111 (base 5) in base 15?
-30a6
-1000111101 (base 2) to base 15
-283
What is 1846 (base 9) in base 12?
9a3
Convert 1031021 (base 4) to base 16.
1349
3c2b (base 13) to base 6
104024
-1675 (base 13) to base 5
-101212
What is 14773 (base 11) in base 13?
9681
-44337 (base 12) to base 16
-160db
Convert 13451 (base 9) to base 4.
2032132
Convert -56130 (base 7) to base 16.
-3735
What is -2509 (base 13) in base 4?
-1102000
What is 45274 (base 9) in base 16?
75a6
Convert 21124 (base 5) to base 13.
84a
14e5b (base 15) to base 10
67361
What is 131320 (base 4) in base 2?
11101111000
What is 2110221 (base 3) in base 10?
1807
What is -3032103 (base 4) in base 6?
-141043
What is -31306 (base 7) in base 10?
-7699
What is 13102120 (base 4) in base 13?
10780
What is 1074 (base 10) in base 4?
100302
What is -10bb (base 16) in base 5?
-114113
-101123 (base 4) to base 10
-1115
What is 11164 (base 15) in base 5?
3214234
What is 2012011 (base 3) in base 15?
717
What is 68 (base 10) in base 3?
2112
Convert -956 (base 11) to base 14.
-5c2
1010000010 (base 2) to base 7
1605
Convert 267 (base 8) to base 2.
10110111
Convert -1d6 (base 16) to base 15.
-215
What is -1000000000111 (base 2) in base 5?
-112403
Convert 110103 (base 4) to base 13.
78c
Convert -444 (base 11) to base 4.
-20110
Convert -811 (base 14) to base 8.
-3057
Convert -232 (base 